is 18 + 3265?
3283
In base 4, what is 3212 - -103202?
113020
In base 3, what is -222102 - -11021110?
10022001
In base 11, what is 7819 + -8?
7811
In base 6, what is -355 + 14022?
13223
In base 7, what is -512 + -6?
-521
In base 2, what is -10101 + -111101011101000?
-111101011111101
In base 16, what is -1a9 - -dc?
-cd
In base 14, what is -3559a1 - 3?
-3559a4
In base 16, what is 15b - -a?
165
In base 4, what is -2 + 1013200?
1013132
In base 8, what is 11 - 5567?
-5556
In base 14, what is a27 - -3?
a2a
In base 14, what is 11 - -25298?
252a9
In base 11, what is -17476 - -19?
-17458
In base 3, what is 10 + 2200001?
2200011
In base 14, what is -825020 + 4?
-82501a
In base 6, what is -24425 - 0?
-24425
In base 3, what is -12 + 122210122121?
122210122102
In base 8, what is 666 - -167?
1055
In base 9, what is -3 + 11618?
11615
In base 9, what is -811208 + -4?
-811213
In base 14, what is 9c411c + -5?
9c4117
In base 16, what is -3 - b2177?
-b217a
In base 4, what is 11 - 301313?
-301302
In base 16, what is -1248d + 8?
-12485
In base 12, what is -3 - -a95?
a92
In base 8, what is 744 + -35?
707
In base 2, what is 100010010 - 110101?
11011101
In base 11, what is -2 + -1902a8?
-1902aa
In base 14, what is 1 + 440b5?
440b6
In base 15, what is -291 + 2e?
-262
In base 8, what is -66525 + -3?
-66530
In base 4, what is 11 + 10100?
10111
In base 16, what is 614 + d4?
6e8
In base 9, what is 8231 - 1?
8230
In base 14, what is -39 + -398bd?
-39918
In base 4, what is -3033 - 11132203?
-11201302
In base 12, what is -1 + 3a508?
3a507
In base 4, what is -101222 + 102203?
321
In base 2, what is -100001 + 110111010?
110011001
In base 9, what is 111834 + -4?
111830
In base 9, what is 280 + -165?
114
In base 13, what is 1ab + -189?
22
In base 9, what is -15 + 21001?
20875
In base 4, what is 201111102 + -2?
201111100
In base 9, what is -5 + -42342?
-42347
In base 5, what is 4201231 + -10?
4201221
In base 4, what is 1002100 + -12?
1002022
In base 14, what is -1 + -11463?
-11464
In base 3, what is 21 + 2100110110?
2100110201
In base 16, what is 3 + 23e94?
23e97
In base 4, what is -30 + -221231113?
-221231203
In base 12, what is 88344 - 0?
88344
In base 14, what is 59 + 336b?
33c6
In base 9, what is 2 - -30507?
30510
In base 11, what is -97 + -308?
-3a4
In base 6, what is -1054523 + 21?
-1054502
In base 15, what is -2bc54 - -5?
-2bc4e
In base 12, what is -1427 + 48?
-139b
In base 14, what is -178 + 1420?
1286
In base 10, what is -749984 - 5?
-749989
In base 6, what is 1010 + -15?
551
In base 14, what is 13 + 19433?
19446
In base 16, what is 1d + -f7e2?
-f7c5
In base 15, what is 2 - 8137?
-8135
In base 16, what is -251 + 91?
-1c0
In base 11, what is 3959 + 54?
3a02
In base 11, what is 2a06 + -55?
2961
In base 5, what is 20 - 12223?
-12203
In base 8, what is -36045 + -216?
-36263
In base 10, what is -367 + -2076?
-2443
In base 3, what is 22020121 - 2011?
22011110
In base 5, what is -1123 + 443?
-130
In base 5, what is -44302 + 2?
-44300
In base 9, what is -8 - -8312?
8303
In base 6, what is -15523504 + 0?
-15523504
In base 15, what is 12c - 3?
129
In base 6, what is 51 - -340355?
340450
In base 9, what is 252746 + -24?
252722
In base 15, what is -8a4 + 1e?
-885
In base 16, what is 2 + -2302d?
-2302b
In base 16, what is -1 - 172c?
-172d
In base 11, what is 77 + 351?
418
In base 12, what is -679a9 - 4?
-679b1
In base 9, what is 184333 + 5?
184338
In base 13, what is 47552 + 8?
4755a
In base 7, what is -110652 - -5?
-110644
In base 15, what is -17 + -d848?
-d860
In base 12, what is -4babb - -8?
-4bab3
In base 15, what is 4917 - 9?
490d
In base 15, what is 91 - e4?
-53
In base 4, what is 131 + 3121213?
3122010
In base 14, what is 399 + 43?
3dc
In base 3, what is 121111022 - -1?
121111100
In base 7, what is 63 + -101621?
-101525
In base 12, what is 23bba1 - -5?
23bba6
In base 9, what is -633 - -4766?
4133
In base 2, what is 100000001010011 - -111?
100000001011010
In base 12, what is -1 - 2411?
-2412
In base 9, what is -7 + -464535?
-464543
In base 16, what is -17e69 + -b?
-17e74
In base 4, what is 21 + -1003311210?
-1003311123
In base 14, what is 18 - -6b19?
6b33
In base 15, what is 2 - 17ab40?
-17ab3d
In base 10, what is 4737 + -129?
4608
In base 2, what is 100101 + -11110001000?
-11101100011
In base 12, what is 3 - -40639?
40640
In base 10, what is 316435 - 5?
316430
In base 16, what is b - -68d?
698
In base 7, what is -62 + 54560?
54465
In base 10, what is 47961 - -4?
47965
In base 5, what is -10 - 3031323?
-3031333
In base 8, what is 400761 - -1?
400762
In base 5, what is 104403 - -102?
110010
In base 3, what is 10212200 + 102?
10220002
In base 16, what is -10 + -5b?
-6b
In base 14, what is c9 + -8d5?
-80a
In base 14, what is -4d72 - 1?
-4d73
In base 7, what is 0 - 2365341?
-2365341
In base 10, what is -18 - -11196?
11178
In base 10, what is 210786 + -2?
210784
In base 12, what is -4bb + -135?
-634
In base 4, what is 21033130 - 111?
21033013
In base 2, what is 1 + 10010101111111001?
10010101111111010
In base 5, what is 410331 - 10?
410321
In base 5, what is 200312 - -3?
200320
In base 15, what is -62d7 - -4?
-62d3
In base 6, what is 2352 + 2414?
5210
In base 2, what is -111110010001101 - -11?
-111110010001010
In base 11, what is 300 - -142?
442
In base 3, what is 20221010 + -2002100?
11211210
In base 8, what is 564 + 15536?
16322
In base 7, what is -3441 + -1?
-3442
In base 16, what is 99 + 15?
ae
In base 14, what is -8a - 138a?
-1436
In base 13, what is 1b - -383?
3a1
In base 9, what is 3272 - 513?
2658
In base 6, what is 424245 - 2?
424243
In base 12, what is -16 + -384b6?
-38510
In base 8, what is 3356444 - -5?
3356451
In base 12, what is 10150 - 23a?
bb12
In base 16, what is 1 - 504?
-503
In base 6, what is 4 + 525111?
525115
In base 16, what is -11faf - 3?
-11fb2
In base 9, what is 16824 + -1?
16823
In base 3, what is 100021212 + 212?
100022201
In base 16, what is cf3 + 6b?
d5e
In base 10, what is 1305 - 4?
1301
In base 10, what is 537211 - -13?
537224
In base 6, what is -42535 + -5?
-42544
In base 9, what is -841 + 2158?
1217
In base 11, what is -6 + 33a4?
3399
In base 12, what is -33 - 26086?
-260b9
In base 7, what is -3 - -203364?
203361
In base 5, what is -30140121 - 14?
-30140140
In base 2, what is 1011 + -10101111000101?
-10101110111010
In base 5, what is -311 + 102044?
101233
In base 12, what is -2 + -1887a?
-18880
In base 13, what is -4791 + a5?
-46b9
In base 15, what is -2dc0 + 200?
-2bc0
In base 13, what is -37269 + -37?
-372a3
In base 7, what is 26 + 555?
614
In base 8, what is -1364 - 5?
-1371
In base 5, what is 21 + 103443?
104014
In base 6, what is -23 - 2350544?
-2351011
In base 16, what is -2 - 2f3e?
-2f40
In base 10, what is 108 + -11072?
-10964
In base 11, what is 218a06 - 2?
218a04
In base 2, what is 100011111010010000010 + 101?
100011111010010000111
In base 7, what is 2 - -13044?
13046
In base 11, what is -3 + a9a73?
a9a70
In base 4, what is 30001 - 3203?
20132
In base 12, what is -20 - -257a?
255a
In base 13, what is -c9 - -6c3?
5c7
In base 7, what is -4 - 1064131?
-1064135
In base 12, what is 245a + a?
2468
In base 16, what is 3 + aa1?
aa4
In base 4, what is -11 + -121312?
-121323
In base 12, what is -98 - 0?
-98
In base 2, what is -10 - 11011100001?
-11011100011
In base 13, what is 4 + 9cc?
a03
In base 2, what is 1011101000 + 111100110?
10011001110
In base 16, what is -3f7 - aa?
-4a1
In base 9, what is 17278 - 32?
17246
In base 16, what is daf - -34b?
10fa
In base 11, what is 5a9880 - 3?
5a9878
In base 4, what is -1 - 1301120?
-1301121
In base 15, what is 0 + -1e04a?
-1e04a
In base 16, what is cf7 + -20e?
ae9
In base 2, what is 1010110011110 + -11011110?
1010011000000
In base 6, what is -5 + 341423?
341414
In base 4, what is -12010302 - -10?
-12010232
In base 10, what is -76 - 5929?
-6005
In base 15, what is -16 - -4e8?
4d2
In base 10, what is 91 - 103?
-12
In base 15, what is -b49 - -9?
-b40
In base 11, what is 63 + 25a79?
26031
In base 12, what is 1 - -123406?
123407
In base 3, what is -121 + 12011220?
12011022
In base 10, what is -89 - -527?
438
In base 9, what is -220 + -41?
-261
In base 7, what is 16544 - -4?
16551
In base 8, what is 0 + -55450?
-55450
In base 7, what is 6210 - 132?
6045
In base 5, what is -3012 - -24?
-2433
In base 3, what is 12